ite?
False
Is 111854503 a composite number?
False
Is 5207339 composite?
False
Is 5032187 a prime number?
False
Is 350342891 a composite number?
False
Is 29266277 prime?
False
Is 3359767 composite?
True
Is 70754687 a composite number?
True
Is 19570701 a composite number?
True
Is 4534637 composite?
False
Is 764503 composite?
True
Is 9949321 a prime number?
True
Is 130317911 composite?
False
Is 8736119 a composite number?
True
Is 75420757 a composite number?
True
Is 26831201 a composite number?
True
Is 268235029 composite?
True
Is 8068283 a prime number?
True
Is 79358681 composite?
True
Is 35186257 a composite number?
False
Is 113513339 prime?
False
Is 490376009 prime?
True
Is 15824593 a prime number?
True
Is 105539887 a composite number?
True
Is 1991177 composite?
False
Is 7777481 prime?
False
Is 301583 prime?
True
Is 36046279 a prime number?
False
Is 2101733527 a composite number?
False
Is 1089793 prime?
True
Is 47217151 composite?
False
Is 281243 a prime number?
True
Is 56592157 composite?
False
Is 5141663 a composite number?
False
Is 3506809 a prime number?
True
Is 65717779 prime?
True
Is 131027 a composite number?
True
Is 46394399 composite?
False
Is 7919281 a prime number?
True
Is 5561287 a composite number?
True
Is 16864997 composite?
False
Is 9298034 composite?
True
Is 14679341 composite?
False
Is 13988833 prime?
False
Is 70512281 a composite number?
True
Is 26543509 a prime number?
True
Is 868669 a prime number?
True
Is 29145227 a composite number?
False
Is 3436439 composite?
False
Is 418685 a composite number?
True
Is 212394019 composite?
True
Is 123757 prime?
True
Is 87550661 composite?
True
Is 19262959 prime?
False
Is 9224609 prime?
True
Is 5310281 composite?
True
Is 6299635 a prime number?
False
Is 28710134 a prime number?
False
Is 21367279 composite?
True
Is 664738331 a prime number?
True
Is 2975053 composite?
True
Is 44941723 a composite number?
True
Is 615047 composite?
False
Is 76390687 composite?
False
Is 37436381 composite?
True
Is 24643381 composite?
True
Is 353174001 prime?
False
Is 8355533 prime?
True
Is 581133999 a composite number?
True
Is 25041421 a prime number?
False
Is 412109 a prime number?
True
Is 5781689 a prime number?
True
Is 6786037 a prime number?
True
Is 2068799 composite?
True
Is 615971 prime?
True
Is 6711343 a prime number?
True
Is 86557987 a composite number?
True
Is 946901 composite?
False
Is 14233853 a composite number?
False
Is 5583749 a prime number?
False
Is 1970761 composite?
True
Is 29064313 a composite number?
False
Is 79877 a composite number?
True
Is 1058203 a prime number?
True
Is 885529 prime?
True
Is 56896921 composite?
True
Is 19323137 a prime number?
False
Is 7713397 prime?
True
Is 371831 composite?
False
Is 442691 prime?
True
Is 10871083 composite?
True
Is 531457 a prime number?
True
Is 30334663 a composite number?
False
Is 25579497 composite?
True
Is 19433099 composite?
True
Is 5045709 prime?
False
Is 23470639 a composite number?
False
Is 10547206 a prime number?
False
Is 117161 a prime number?
False
Is 7359197 a composite number?
False
Is 1173761 composite?
True
Is 24722579 a composite number?
True
Is 130423 a composite number?
False
Is 2211101 composite?
True
Is 8124187 prime?
False
Is 26432517 a prime number?
False
Is 5332363 a composite number?
False
Is 42217586 a composite number?
True
Is 6405017 prime?
False
Is 994691 prime?
True
Is 46312583 composite?
True
Is 2391401 a composite number?
False
Is 1103339 a prime number?
True
Is 58530863 prime?
False
Is 2781593 composite?
True
Is 64728731 a prime number?
True
Is 380781653 a composite number?
True
Is 12712751 a composite number?
False
Is 6373021 a composite number?
False
Is 614633 composite?
False
Is 36932281 a prime number?
True
Is 1845289 a prime number?
True
Is 1828051 a composite number?
False
Is 14300785 a prime number?
False
Is 3245519 prime?
False
Is 134811713 a prime number?
False
Is 2362873 a prime number?
True
Is 2151881 composite?
True
Is 24217547 prime?
True
Is 49007633 composite?
False
Is 938607262 a composite number?
True
Is 751603 a composite number?
True
Is 326510803 a prime number?
False
Is 9882073 a prime number?
True
Is 81393809 a prime number?
False
Is 48425969 a composite number?
True
Is 175642343 prime?
False
Is 149 prime?
True
Is 14767573 composite?
True
Is 48125787 prime?
False
Is 7512521 a composite number?
True
Is 175040909 a prime number?
False
Is 1483696619 composite?
False
Is 37139629 composite?
True
Is 438555383 a prime number?
False
Is 113370199 composite?
True
Is 6823039 composite?
False
Is 3063889 prime?
False
Is 87019 prime?
False
Is 82476013 a prime number?
True
Is 555257737 composite?
False
Is 436297889 a composite number?
False
Is 22560203 a composite number?
True
Is 28516027 a prime number?
True
Is 8734571 prime?
True
Is 1041433045 composite?
True
Is 181053941 composite?
False
Is 8531051 prime?
True
Is 18115033 a composite number?
False
Is 8060369 composite?
False
Is 21321843 a composite number?
True
Is 27484757 a prime number?
True
Is 7526983 composite?
True
Is 33610341 composite?
True
Is 406137713 a composite number?
False
Is 260897069 prime?
False
Is 1169547 composite?
True
Is 55258955 a prime number?
False
Is 435856705 prime?
False
Is 1579697 prime?
False
Is 18197701 composite?
True
Is 375905 prime?
False
Is 30770423 composite?
False
Is 13088849 a prime number?
False
Is 182104847 a composite number?
True
Is 6066293 a prime number?
True
Is 235439 prime?
True
Is 281419 a composite number?
False
Is 114791093 composite?
False
Is 41546353 composite?
False
Is 1921979 prime?
False
Is 215239501 a composite number?
True
Is 3567517 a composite number?
False
Is 677624329 a composite number?
False
Is 29627993 a composite number?
False
Is 4309793 prime?
False
Is 2846929 a prime number?
True
Is 1201919 prime?
True
Is 196543093 a prime number?
False
Is 2201897 a prime number?
True
Is 49476467 a prime number?
False
Is 7151549 a composite number?
False
Is 391847 a composite number?
False
Is 4172699 prime?
True
Is 1576019 a prime number?
False
Is 598049 a composite number?
False
Is 3608117 composite?
False
Is 12021511 composite?
True
Is 63253441 prime?
True
Is 29960657 a prime number?
True
Is 126958687 a prime number?
False
Is 7045589 prime?
True
Is 6539317 a prime number?
True
Is 70182703 prime?
False
Is 290959 prime?
True
Is 541855058 prime?
False
Is 16831909 prime?
False
Is 44595853 composite?
True
Is 3808477 prime?
True
Is 40159019 composite?
False
Is 32173283 a prime number?
True
Is 443483 composite?
True
Is 2387501 composite?
False
Is 4818221 a composite number?
False
Is 2541823 composite?
True
Is 736979 a prime number?
False
Is 9499007 composite?
True
Is 744323 composite?
True
Is 87030535 a prime number?
False
Is 96377417 composite?
True
Is 6642803 a composite number?
False
Is 16851673 a composite number?
True
Is 1720931 prime?
True
Is 50380567 a prime number?
True
Is 1195919 a composite number?
False
Is 321577563 prime?
False
Is 34943 composite?
True
Is 19147573 composite?
True
Is 8313437 composite?
True
Is 1303663 prime?
False
Is 198784367 a prime number?
False
Is 14704637 prime?
True
Is 12516857 a prime number?
True
Is 5241751 a composite number?
False
Is 3053887 composite?
True
Is 98557 composite?
True
Is 2312405 a prime number?
False
Is 630079319 a composite number?
True
Is 11583977 a prime number?
False
Is 4762187 a composite number?
False
Is 4464511 composite?
False
Is 21674 a composite number?
True
Is 12380723 prime?
False
Is 116110637 a prime number?
True
Is 129617491 prime?
True
Is 14375269 a prime number?
False
Is 91613903 prime?
False
Is 194006981 composite?
True
Is 2060171 composite?
False
Is 7689211 a prime number?
True
Is 98123 composite?
False
Is 334751 a prime number?
True
Is 21608527 composite?
False
Is 25945121 composite?
True
Is 81555674 prime?
False
Is 696767 a composite number?
True
Is 7663049 prime?
True
Is 11457937 a prime number?
True
Is 1368001 a composite number?
True
Is 22246703 composite?
True
Is 10485191 a composite number?
False
Is 725927747 prime?
True
Is 11130571 prime?
False
Is 18956521 composite?
True
Is 58993061 a prime number?
True
Is 495156743 prime?
True
Is 1948435 prime?
False
Is 18956501 a composite number?
False
Is 1346771953 prime?
True
Is 502937 composite?
Fa